 i composite?
False
Suppose -1108 = -s + 625. Is s a prime number?
True
Let y(p) be the third derivative of 79*p**6/360 + p**5/60 - p**4/8 - 2*p**3 + 8*p**2. Let o(a) be the first derivative of y(a). Is o(-4) composite?
True
Let k be 24/(-18)*3/(-2). Suppose -3 + 15 = -k*g. Is (-16)/(-24) + (-632)/g prime?
False
Suppose 0 = -4*i + 3*w + 3, w + 3*w - 9 = i. Let h(s) = -644*s**3 - 2*s - 1. Let n be h(-1). Suppose i*z = -48 + n. Is z prime?
True
Suppose 16*q = 27*q - 294701. Is q a prime number?
False
Is (437985/27)/((0 - 3)/(-9)) composite?
True
Let r be 114/4*(-20)/(-6). Suppose 2*q + 3*q = -k + 180, 2*q + 5*k = r. Is q prime?
False
Suppose 3*o + 3*l = -3, o + 3*o + 5*l + 7 = 0. Suppose 4*p - 458 = -o*m, -2*p - 3*p + 15 = 0. Is m a prime number?
True
Suppose 4*t = 7*t - 5*f - 13247, 3*f = -2*t + 8806. Is t composite?
False
Let r(c) = -c + 12. Let d be r(7). Let t(z) = 13*z**3 + 2*z**2 - 5*z + 1. Is t(d) composite?
True
Suppose -60 = 6*v - 3*v. Let h(g) = 2*g**2 + g + 38. Is h(v) composite?
True
Let w = 8588 + -4599. Is w a composite number?
False
Let r = -4151 - -8349. Is r prime?
False
Is 7/(-21)*-24 + 2915 a composite number?
True
Suppose 42*t - 33*t - 90063 = 0. Is t a prime number?
True
Suppose -3*r = 21*r - 26328. Is r a composite number?
False
Let s = 34626 + -22025. Is s a prime number?
True
Let m(l) = 31*l - 14. Let z be m(7). Let b = 264 + z. Is b composite?
False
Is ((-10353)/476)/((-6)/1576) prime?
False
Suppose -2808 = 6*x - 15522. Is x prime?
False
Let p(d) = 86*d**3 + 2*d**2 - 5*d + 2. Let n be (-52)/(-20) + 10/25. Is p(n) a composite number?
True
Let v(f) = -2*f + 2. Let k be v(-3). Let t be k/2*(1 - 0). Suppose 5*g - 5*u - 385 = -3*u, -t*u = -3*g + 217. Is g composite?
False
Suppose 7 + 15177 = 4*g. Suppose 66*z - g = 62*z. Is z a prime number?
False
Suppose 2*f = -3*f - 20. Let q be -3 + (0 - f) + 2. Suppose 0 = q*s + 109 - 1102. Is s a prime number?
True
Let t = 83 + -75. Is ((-3514)/t)/((-5)/20) composite?
True
Let j be -3 + (5 - (-4)/8*0). Let v(y) = 100*y - 1. Is v(j) prime?
True
Let r = -289 + 616. Suppose 5*n = 2*y - y + 557, 3*n + 3*y - r = 0. Is n a composite number?
True
Suppose 4 + 0 = 2*s. Suppose -s + 644 = 2*x. Is x prime?
False
Suppose -4*c = q + 658 - 4722, -2*q = -3*c + 3037. Suppose 406 = 2*m + 2*v + v, -5*m + v = -c. Is m prime?
False
Let o(u) = 351*u**2 - 4*u - 12. Let a = 33 + -28. Is o(a) prime?
False
Suppose f = -2*s + 3*s + 1, -f + 19 = 5*s. Let p(c) = -3*c**2 - c. Let r be p(s). Is r/(-3)*14/4 prime?
False
Let j be -4 - -1 - (-2 - -48). Is 2/7 + (-1799)/j composite?
False
Let v = -3476 + 8619. Is v a composite number?
True
Let u(d) be the second derivative of -d**5/20 + 17*d**4/12 - 5*d**3/6 - 21*d**2/2 + 6*d. Is u(16) composite?
True
Suppose -7386 = -0*v + 3*v - 3*i, 5*i + 7386 = -3*v. Let l = v - -3861. Is l a prime number?
True
Let g be 2 + -2 + (-2 - -7). Suppose 0 = 2*y - 4 - 4. Suppose -3*a = g*l - 4394, -y*a = -2*l - 2*l + 3496. Is l composite?
False
Let l(t) = t**3 + 11*t**2 + 3*t + 38. Let d be l(-11). Suppose d*k = -2*g - 1022 + 4081, k + 4*g = 619. Is k a composite number?
True
Let l be -6 + (-112)/(-18) - (-38696)/18. Suppose -o + 1610 = 2*o - i, -l = -4*o - 2*i. Is o a composite number?
True
Let z = 1836 + -1041. Is 1/((-1585)/z - -2) a composite number?
True
Let i = 1233 - 875. Suppose -i = -6*o + 3680. Is o a composite number?
False
Let a(s) = -s**2 - 6*s + 1. Let b(n) = 2*n + 3. Let p be b(-4). Let h be a(p). Suppose -1869 = 3*g - h*g. Is g a composite number?
True
Suppose 4*t + 26 = 6, -6 = k + 2*t. Suppose u + k*u = 2*r - 158, -3*u - 86 = r. Let z = u - -187. Is z prime?
True
Let p(u) = 86*u**2 - 3*u - 5. Let v be p(-3). Suppose 2*x = 4*r + v, -4*r = -3*x - 3*r + 1142. Is x a composite number?
False
Let m be ((-7)/4)/7 - (-1530)/8. Let p = 126 + m. Is p a composite number?
False
Let b(a) = -9*a**3 - 37*a**2 + 6*a - 3. Is b(-20) a prime number?
True
Let a(i) = -i**2 - 12*i + 52. Let p be a(-15). Suppose 0 = 9*r - p*r - 2722. Is r a prime number?
True
Suppose -2*u - 2*u - 8 = 0. Let p be (498/3)/(u/(-2)). Suppose 2*f = 2*c + 168, -4*f + 215 = 5*c - p. Is f prime?
True
Let u(o) = 27*o**2. Let j(w) = 26*w**2 - 6*w + 1. Let x(t) = 52*t**2 - 11*t + 2. Let r(y) = 11*j(y) - 6*x(y). Let g(f) = -4*r(f) - 3*u(f). Is g(-3) prime?
True
Suppose 935 = 5*z + 3*b, 9*z - 12*z + 561 = -5*b. Is z prime?
False
Let m(s) = 22*s + 2. Suppose -5*v - 5*o = 30, -v - 2 = 2*o + 6. Let d(i) = -44*i - 5. Let h(z) = v*d(z) - 9*m(z). Is h(-2) a composite number?
True
Let u = -13133 - -19059. Is u a composite number?
True
Let b be 3 + -1 + 0/(-4). Let a(f) = -10*f + 10*f**b + f**3 - 1 - 12 - 7*f + 0*f. Is a(-11) prime?
True
Let o(i) = i**2 + 3*i + 2. Let q be o(4). Suppose -3*b - q = -93. Is (b/(-2))/(5/(-10)) a composite number?
True
Suppose 2*l - 4*r - 15 + 37 = 0, -8 = -4*l - 5*r. Let b(z) = -419*z + 2. Is b(l) prime?
True
Suppose s - 2*p = 2 - 20, 2*p + 82 = -4*s. Is s/70 - (0 - 5030/14) prime?
True
Let y(k) = -2*k**3 - 95*k**2 - 98*k + 22. Is y(-47) composite?
True
Suppose 9*x - x = 0. Suppose 217 = s + 4*j, x = s - 0*s - j - 197. Is s prime?
False
Let p(h) be the second derivative of h**4 + 4*h**3/3 + 5*h**2/2 - 2*h. Let u be (2 - (-20)/(-12))*-15. Is p(u) a prime number?
False
Let g = -119 + 6018. Is g a prime number?
False
Let n(s) = -16572*s + 67. Is n(-3) a prime number?
True
Let x = -7218 + 13325. Is x a prime number?
False
Suppose 5*d - 21 = j, -5*j + d + 4*d - 25 = 0. Let c(n) = -539*n + 2. Is c(j) composite?
False
Let o be 3 - 11/(22/(-36)). Let q = o - 8. Is (q/2)/(5/50) prime?
False
Let u be (1 - 4)/((-3)/8). Suppose -5*h - u = 112. Is ((-1054)/(-4))/((-12)/h) prime?
False
Let h(z) = -105*z + 56843. Is h(0) a composite number?
False
Suppose 45647 = k - 4*d, 5*k - 2*d = -43662 + 271897. Is k prime?
False
Let p be 20/(-3)*(-30)/25. Suppose -y = -l + 2*y - 6, -4*y = 4*l - p. Is 2 + -4 + 424 - l composite?
True
Suppose 6*g - 2897 = 1015. Suppose k + g = 5*k. Is k composite?
False
Suppose 19*c - 34631 = 11653. Suppose 11*b - 4417 = c. Is b composite?
True
Suppose 8*c + 35 - 35 = 0. Suppose -5*s - 288 = -t, c = t + 8*s - 3*s - 318. Is t a prime number?
False
Let g = -32 - -5. Let z = 54 + g. Let a = z + -4. Is a composite?
False
Let r be ((-405)/6)/(2/(-4)). Suppose h - 6*h = -r. Let f = h - -24. Is f prime?
False
Suppose 1347 + 823 = 5*a - s, -1757 = -4*a + 5*s. Suppose 2*z + 852 = 4*c, -3*z = -4*c + a + 415. Is c a prime number?
False
Let a = 58736 - 34179. Is a a prime number?
False
Suppose -3*h = -15, 5*k + h + 94960 = 8*k. Suppose -8*j + k = 5*j. Is j a prime number?
False
Let d be -27*2*2/(-12). Is 3*(-6)/d + 1 + 672 a prime number?
False
Let z be 2*(105/(-10))/7. Is (-2 - 1) + (z - -1477) a composite number?
False
Let o = 24066 + 2123. Is o a composite number?
False
Let z be (-349690)/(-119) - (-4)/(-7). Suppose -z = 7*h - 11989. Is h composite?
True
Let d(c) = c**2 + 3*c - 1. Let n be d(-4). Suppose -3*g + 4*u = -908, g - 4*u - u - 288 = 0. Suppose -n*i = i - g. Is i a prime number?
False
Let r = 20166 + -13798. Suppose 7*m - 1171 = r. Is m a composite number?
True
Let a(y) = 7 - 7*y**2 + 2*y**2 + 9*y**2 - 8*y. Suppose 0 = 4*i - 10 - 10. Is a(i) a composite number?
False
Suppose 0 = 2*n + 2*n - 16. Suppose -g - n*i - 57 = 0, -5*g - 141 - 59 = 3*i. Let b = -22 - g. Is b a composite number?
True
Let p(t) = t**3 - 21*t**2 + 18*t + 7. Let d be p(20). Is (d/12)/((-1)/92) - 0 prime?
False
Suppose -157998 = -51*p + 17*p. Is p a composite number?
True
Suppose -t + 4761 = -2*l - 3982, -l + 43748 = 5*t. Is t a prime number?
False
Suppose 0 = -4*m + 4*p, -4*p + 12 = -0. Suppose m*x + 115 + 54 = 4*z, z = 5*x + 55. Suppose 48 = 3*l + l + 4*d, -d + z = 3*l. Is l a composite number?
True
Let g(z) = z**3 - 2*z**2 - z + 2. Let v be g(0). Suppose 0 = -v*x - s + 111 + 604, 0 = -3*s + 15. Is x a prime number?
False
Let h(u) = -u. Let z(i) = -i**2 + 3*i + 7. Let b be z(5). Let y be h(b). Suppose 2*q - 5*d = -3*d + 264, y*q - 5*d = 406. Is q composite?
False
Let z(a) = 5*a**2 + 5*a. Let r be z(-4). Let k(t) = 6*t**2 + 3*t - 5. Let o be k(1). Suppose o*y - 5*f - r - 356 = 0, -3*y - 2*f + 335 = 0. Is y composite?
False
Let b(p) = 7*p**3 + p**2 - 2*p - 1. Let t be (-5)/(((-5)/2)/(-5)). Let j = t - -12. Is b(j) a composite